igit of 366885933?
8
What is the ten thousands digit of 139136495?
3
What is the ten millions digit of 7554291512?
5
What is the ten millions digit of 277240048?
7
What is the ten thousands digit of 5012668397?
6
What is the units digit of 8460224?
4
What is the thousands digit of 397148704?
8
What is the ten thousands digit of 15114910?
1
What is the hundred millions digit of 1159185746?
1
What is the millions digit of 59878947?
9
What is the hundred thousands digit of 37744949?
7
What is the hundred millions digit of 303689664?
3
What is the hundreds digit of 81464098?
0
What is the millions digit of 157929324?
7
What is the millions digit of 252352030?
2
What is the hundreds digit of 40162443?
4
What is the thousands digit of 15135797?
5
What is the hundreds digit of 392226852?
8
What is the billions digit of 1173491982?
1
What is the tens digit of 87751574?
7
What is the units digit of 1188089089?
9
What is the units digit of 19535672?
2
What is the billions digit of 1069940933?
1
What is the tens digit of 2009374582?
8
What is the hundred millions digit of 190107168?
1
What is the ten thousands digit of 733200165?
0
What is the hundred millions digit of 615447644?
6
What is the hundreds digit of 744445142?
1
What is the hundred thousands digit of 204631731?
6
What is the hundreds digit of 397287142?
1
What is the units digit of 6943678152?
2
What is the hundreds digit of 96590567?
5
What is the hundred thousands digit of 73115835?
1
What is the units digit of 51261707?
7
What is the units digit of 66881785?
5
What is the units digit of 4734711848?
8
What is the millions digit of 88692642?
8
What is the thousands digit of 314805683?
5
What is the units digit of 5803084?
4
What is the ten millions digit of 134905059?
3
What is the thousands digit of 139067394?
7
What is the millions digit of 1735208447?
5
What is the units digit of 44920131?
1
What is the thousands digit of 2857410632?
0
What is the tens digit of 7167671316?
1
What is the ten thousands digit of 200972776?
7
What is the ten millions digit of 132260533?
3
What is the tens digit of 669018353?
5
What is the ten millions digit of 1003916845?
0
What is the hundred millions digit of 286956951?
2
What is the ten thousands digit of 227077447?
7
What is the ten thousands digit of 58264614?
6
What is the ten thousands digit of 244000682?
0
What is the units digit of 6826930164?
4
What is the units digit of 47131288?
8
What is the hundred millions digit of 378526013?
3
What is the units digit of 85171392?
2
What is the millions digit of 1252691497?
2
What is the millions digit of 637174955?
7
What is the millions digit of 53871126?
3
What is the ten millions digit of 514805971?
1
What is the hundreds digit of 19899864?
8
What is the units digit of 14910166?
6
What is the hundred thousands digit of 782219494?
2
What is the thousands digit of 515001933?
1
What is the hundred thousands digit of 65801239?
8
What is the millions digit of 8093773?
8
What is the hundred millions digit of 2555943035?
5
What is the tens digit of 2295778042?
4
What is the hundreds digit of 161989665?
6
What is the thousands digit of 147720544?
0
What is the ten thousands digit of 34161373?
6
What is the hundreds digit of 4391579327?
3
What is the units digit of 3691757285?
5
What is the hundred millions digit of 5373126781?
3
What is the ten thousands digit of 1309724695?
2
What is the ten thousands digit of 859313667?
1
What is the tens digit of 114984681?
8
What is the units digit of 380524469?
9
What is the ten thousands digit of 240383203?
8
What is the hundreds digit of 51958911?
9
What is the billions digit of 4149396810?
4
What is the hundreds digit of 33225503?
5
What is the hundred thousands digit of 4490720503?
7
What is the tens digit of 134123623?
2
What is the hundred thousands digit of 70522491?
5
What is the thousands digit of 83130536?
0
What is the hundreds digit of 43914994?
9
What is the tens digit of 581977235?
3
What is the millions digit of 43828032?
3
What is the hundred millions digit of 323324787?
3
What is the thousands digit of 455832588?
2
What is the units digit of 29704759?
9
What is the hundreds digit of 279558767?
7
What is the hundred thousands digit of 503328595?
3
What is the units digit of 24249743?
3
What is the ten thousands digit of 523492177?
9
What is the hundreds digit of 1636261745?
7
What is the tens digit of 294293805?
0
What is the hundred thousands digit of 67377774?
3
What is the units digit of 54193818?
8
What is the tens digit of 940194074?
7
What is the millions digit of 326012941?
6
What is the hundred thousands digit of 378232594?
2
What is the hundred thousands digit of 685209323?
2
What is the tens digit of 270141715?
1
What is the thousands digit of 17707091?
7
What is the units digit of 61912799?
9
What is the thousands digit of 275521293?
1
What is the hundred millions digit of 182792357?
1
What is the ten millions digit of 366275603?
6
What is the tens digit of 525882651?
5
What is the hundreds digit of 301697889?
8
What is the tens digit of 10156407?
0
What is the ten millions digit of 98365359?
9
What is the hundreds digit of 51821418?
4
What is the ten thousands digit of 145348349?
4
What is the thousands digit of 4039570752?
0
What is the units digit of 918100075?
5
What is the hundreds digit of 18557966?
9
What is the ten millions digit of 3899627775?
9
What is the hundreds digit of 40025460?
4
What is the units digit of 15187933?
3
What is the ten millions digit of 1847729939?
4
What is the tens digit of 425372144?
4
What is the ten thousands digit of 70719658?
1
What is the hundreds digit of 27837151?
1
What is the ten thousands digit of 213950017?
5
What is the ten thousands digit of 22791646?
9
What is the hundreds digit of 2480786628?
6
What is the tens digit of 202880551?
5
What is the hundred millions digit of 401508296?
4
What is the units digit of 33474911?
1
What is the millions digit of 432852990?
2
What is the hundreds digit of 34273128?
1
What is the ten thousands digit of 49285704?
8
What is the millions digit of 672960523?
2
What is the ten millions digit of 4425166738?
2
What is the hundreds digit of 1904746639?
6
What is the hundreds digit of 6732572478?
4
What is the units digit of 651831951?
1
What is the hundred thousands digit of 395665177?
6
What is the hundred thousands digit of 139825042?
8
What is the hundred thousands digit of 70482289?
4
What is the ten millions digit of 146557773?
4
What is the thousands digit of 3932196599?
6
What is the hundreds digit of 802318207?
2
What is the billions digit of 1101497970?
1
What is the ten thousands digit of 1088150190?
5
What is the hundreds digit of 87958120?
1
What is the thousands digit of 22540071?
0
What is the hundred thousands digit of 71140206?
1
What is the hundred millions digit of 601926263?
6
What is the ten millions digit of 61575294?
6
What is the hundred thousands digit of 26047580?
0
What is the hundreds digit of 862226335?
3
What is the hundred millions digit of 470946211?
4
What is the millions digit of 473992547?
3
What is the ten millions digit of 590039654?
9
What is the hundred millions digit of 744361431?
7
What is the hundred thousands digit of 46073433?
0
What is the tens digit of 126007?
0
What is the ten thousands digit of 293271437?
7
What is the ten thousands digit of 1467372815?
7
What is the millions digit of 625543159?
5
What is the millions digit of 2230470199?
0
What is the tens digit of 652966650?
5
What is the billions digit of 2571464461?
2
What is the tens digit of 22733637?
3
What is the hundred thousands digit of 901950858?
9
What is the millions digit of 10594523?
0
What is the hundreds digit of 227413506?
5
What is the thousands digit of 73613121?
3
What is the tens digit of 1700436683?
8
What is the hundred millions digit of 376534593?
3
What is the hundreds digit of 675704430?
4
What is the tens digit of 163739140?
4
What is the units digit of 92990602?
2
What is the ten millions digit of 471849226?
7
What is the units digit of 211659268?
8
What is the tens digit of 37983919?
1
What is the hundred thousands digit of 2098064651?
0
What is the tens digit of 885336744?
4
What is the tens digit of 325383688?
8
What is the units digit of 1